{"id":558,"date":"2011-07-18T17:33:30","date_gmt":"2011-07-18T16:33:30","guid":{"rendered":"http:\/\/www.radsport-boostedt.de\/?page_id=558"},"modified":"2016-09-29T09:45:30","modified_gmt":"2016-09-29T07:45:30","slug":"huttener-berge","status":"publish","type":"page","link":"http:\/\/www.radsport-boostedt.de\/wordpress\/galerie\/huttener-berge\/","title":{"rendered":"H\u00fcttener Berge (&#8222;Oma&#8220;)"},"content":{"rendered":"<p><strong>H\u00fcttener Berge 2016<\/strong><\/p>\n<p><strong>ngg_shortcode_0_placeholder<br \/>\n<\/strong><\/p>\n<p><strong>H\u00fcttener Berge 2015<\/strong><\/p>\n<p><strong>ngg_shortcode_1_placeholder<br \/>\n<\/strong><\/p>\n<p><strong>H\u00fcttener Berge 2012<\/strong><\/p>\n<p><strong>ngg_shortcode_2_placeholder<\/strong><\/p>\n<p><strong>H\u00fcttener Berge 2011<\/strong><\/p>\nngg_shortcode_3_placeholder\n<p><strong>H\u00fcttener Berge 2010<\/strong><\/p>\n<p><strong>ngg_shortcode_4_placeholder<\/strong><\/p>\n","protected":false},"excerpt":{"rendered":"<p>H\u00fcttener Berge 2016 H\u00fcttener Berge 2015 H\u00fcttener Berge 2012 H\u00fcttener Berge 2011 H\u00fcttener Berge 2010<\/p>\n","protected":false},"author":6,"featured_media":0,"parent":61,"menu_order":0,"comment_status":"closed","ping_status":"open","template":"","meta":{"_crdt_document":"","ngg_post_thumbnail":0,"footnotes":""},"class_list":["post-558","page","type-page","status-publish","hentry"],"_links":{"self":[{"href":"http:\/\/www.radsport-boostedt.de\/wordpress\/wp-json\/wp\/v2\/pages\/558","targetHints":{"allow":["GET"]}}],"collection":[{"href":"http:\/\/www.radsport-boostedt.de\/wordpress\/wp-json\/wp\/v2\/pages"}],"about":[{"href":"http:\/\/www.radsport-boostedt.de\/wordpress\/wp-json\/wp\/v2\/types\/page"}],"author":[{"embeddable":true,"href":"http:\/\/www.radsport-boostedt.de\/wordpress\/wp-json\/wp\/v2\/users\/6"}],"replies":[{"embeddable":true,"href":"http:\/\/www.radsport-boostedt.de\/wordpress\/wp-json\/wp\/v2\/comments?post=558"}],"version-history":[{"count":8,"href":"http:\/\/www.radsport-boostedt.de\/wordpress\/wp-json\/wp\/v2\/pages\/558\/revisions"}],"predecessor-version":[{"id":776,"href":"http:\/\/www.radsport-boostedt.de\/wordpress\/wp-json\/wp\/v2\/pages\/558\/revisions\/776"}],"up":[{"embeddable":true,"href":"http:\/\/www.radsport-boostedt.de\/wordpress\/wp-json\/wp\/v2\/pages\/61"}],"wp:attachment":[{"href":"http:\/\/www.radsport-boostedt.de\/wordpress\/wp-json\/wp\/v2\/media?parent=558"}],"curies":[{"name":"wp","href":"https:\/\/api.w.org\/{rel}","templated":true}]}}